ided by 20?
13
What is the remainder when 5432 is divided by 211?
157
Calculate the remainder when 101038 is divided by 24.
22
Calculate the remainder when 2946 is divided by 248.
218
Calculate the remainder when 16323 is divided by 294.
153
What is the remainder when 117735 is divided by 750?
735
Calculate the remainder when 24149 is divided by 239.
10
What is the remainder when 289 is divided by 183?
106
Calculate the remainder when 789164 is divided by 31.
28
What is the remainder when 1093 is divided by 351?
40
What is the remainder when 32591 is divided by 24?
23
Calculate the remainder when 5323 is divided by 82.
75
What is the remainder when 423827 is divided by 732?
731
What is the remainder when 3570 is divided by 603?
555
Calculate the remainder when 53808 is divided by 2689.
28
What is the remainder when 105042 is divided by 15000?
42
What is the remainder when 217103 is divided by 31013?
12
Calculate the remainder when 26527 is divided by 1262.
25
What is the remainder when 832 is divided by 728?
104
Calculate the remainder when 23619 is divided by 33.
24
What is the remainder when 253726 is divided by 1256?
14
What is the remainder when 39664 is divided by 4406?
10
Calculate the remainder when 8553 is divided by 140.
13
Calculate the remainder when 47606 is divided by 7933.
8
Calculate the remainder when 5798 is divided by 1373.
306
What is the remainder when 101888 is divided by 37?
27
Calculate the remainder when 650471 is divided by 31.
29
Calculate the remainder when 226114 is divided by 40.
34
What is the remainder when 2578 is divided by 325?
303
What is the remainder when 10240 is divided by 731?
6
Calculate the remainder when 11029 is divided by 797.
668
Calculate the remainder when 5754 is divided by 80.
74
Calculate the remainder when 5918 is divided by 123.
14
What is the remainder when 1700 is divided by 576?
548
Calculate the remainder when 1900 is divided by 135.
10
What is the remainder when 7508 is divided by 562?
202
Calculate the remainder when 17605 is divided by 1759.
15
What is the remainder when 6865 is divided by 316?
229
Calculate the remainder when 352373 is divided by 19.
18
Calculate the remainder when 23107 is divided by 578.
565
What is the remainder when 35899 is divided by 79?
33
Calculate the remainder when 60479 is divided by 3.
2
Calculate the remainder when 9215 is divided by 107.
13
Calculate the remainder when 13707 is divided by 181.
132
What is the remainder when 4986 is divided by 86?
84
What is the remainder when 8552 is divided by 329?
327
What is the remainder when 5406 is divided by 51?
0
Calculate the remainder when 26202 is divided by 8724.
30
What is the remainder when 1152 is divided by 1151?
1
What is the remainder when 440 is divided by 235?
205
Calculate the remainder when 2154 is divided by 859.
436
What is the remainder when 338601 is divided by 834?
831
What is the remainder when 1838 is divided by 354?
68
Calculate the remainder when 3795720 is divided by 14.
12
Calculate the remainder when 225620 is divided by 23.
13
Calculate the remainder when 712759 is divided by 148.
139
Calculate the remainder when 1402 is divided by 9.
7
Calculate the remainder when 373635 is divided by 53376.
3
Calculate the remainder when 4540 is divided by 252.
4
Calculate the remainder when 6904 is divided by 266.
254
What is the remainder when 363690 is divided by 363680?
10
What is the remainder when 5955 is divided by 258?
21
Calculate the remainder when 68932 is divided by 28.
24
What is the remainder when 28996 is divided by 500?
496
What is the remainder when 2140 is divided by 108?
88
What is the remainder when 8121 is divided by 28?
1
What is the remainder when 55423 is divided by 32?
31
What is the remainder when 75803 is divided by 113?
93
What is the remainder when 78333 is divided by 128?
125
Calculate the remainder when 23946 is divided by 374.
10
What is the remainder when 9577 is divided by 186?
91
What is the remainder when 36174 is divided by 18051?
72
Calculate the remainder when 594 is divided by 378.
216
Calculate the remainder when 2984 is divided by 135.
14
Calculate the remainder when 28298 is divided by 5554.
528
What is the remainder when 44658 is divided by 4057?
31
What is the remainder when 4911 is divided by 140?
11
Calculate the remainder when 483 is divided by 16.
3
What is the remainder when 117634 is divided by 146?
104
What is the remainder when 32996 is divided by 8101?
592
What is the remainder when 11605 is divided by 60?
25
What is the remainder when 1763 is divided by 327?
128
Calculate the remainder when 4546 is divided by 101.
1
Calculate the remainder when 5944 is divided by 27.
4
Calculate the remainder when 302774 is divided by 15.
14
What is the remainder when 1590 is divided by 41?
32
Calculate the remainder when 454 is divided by 346.
108
Calculate the remainder when 60415 is divided by 60405.
10
What is the remainder when 24595 is divided by 631?
617
What is the remainder when 8401 is divided by 205?
201
What is the remainder when 15702 is divided by 3924?
6
What is the remainder when 100689 is divided by 1171?
1154
Calculate the remainder when 22391 is divided by 5595.
11
What is the remainder when 1731308 is divided by 25?
8
Calculate the remainder when 66602 is divided by 1447.
40
Calculate the remainder when 300586 is divided by 4.
2
What is the remainder when 7897 is divided by 568?
513
What is the remainder when 68856 is divided by 235?
1
What is the remainder when 1054510 is divided by 52?
2
What is the remainder when 282 is divided by 29?
21
Calculate the remainder when 70918 is divided by 72.
70
What is the remainder when 286 is divided by 285?
1
Calculate the remainder when 148 is divided by 90.
58
What is the remainder when 4036 is divided by 150?
136
What is the remainder when 990537 is divided by 12?
9
Calculate the remainder when 8800265 is divided by 347.
345
What is the remainder when 3626 is divided by 507?
77
What is the remainder when 529 is divided by 9?
7
Calculate the remainder when 19616 is divided by 529.
43
What is the remainder when 671 is divided by 248?
175
Calculate the remainder when 10501 is divided by 150.
1
Calculate the remainder when 142640 is divided by 181.
12
Calculate the remainder when 1975 is divided by 12.
7
Calculate the remainder when 190730 is divided by 2073.
14
What is the remainder when 3823 is divided by 32?
15
Calculate the remainder when 45092 is divided by 11270.
12
Calculate the remainder when 1069356 is divided by 37.
19
What is the remainder when 181286 is divided by 36252?
26
Calculate the remainder when 51952 is divided by 296.
152
Calculate the remainder when 434942 is divided by 42.
32
Calculate the remainder when 9222 is divided by 4585.
52
Calculate the remainder when 6448 is divided by 3078.
292
What is the remainder when 3626 is divided by 776?
522
Calculate the remainder when 5758 is divided by 128.
126
Calculate the remainder when 235 is divided by 7.
4
What is the remainder when 158997 is divided by 25?
22
What is the remainder when 710 is divided by 34?
30
What is the remainder when 1096 is divided by 96?
40
What is the remainder when 18393 is divided by 182?
11
What is the remainder when 324135 is divided by 4380?
15
What is the remainder when 973799 is divided by 60?
59
Calculate the remainder when 7989 is divided by 34.
33
What is the remainder when 1131388 is divided by 58?
40
Calculate the remainder when 19376 is divided by 4399.
1780
Calculate the remainder when 72 is divided by 8.
0
What is the remainder when 61835 is divided by 220?
15
What is the remainder when 12308 is divided by 152?
148
What is the remainder when 2598 is divided by 712?
462
Calculate the remainder when 176202 is divided by 35232.
42
What is the remainder when 12616 is divided by 140?
16
What is the remainder when 2804883 is divided by 560974?
13
What is the remainder when 15698 is divided by 250?
198
What is the remainder when 337608 is divided by 12057?
12
What is the remainder when 463 is divided by 260?
203
What is the remainder when 2146766 is divided by 453?
452
What is the remainder when 18863 is divided by 54?
17
What is the remainder when 472 is divided by 37?
28
What is the remainder when 1923 